git of y(i)?
1
Suppose -5*w - 180 = -5*k, -2*w - 108 = -0*k - 3*k. What is the units digit of k?
6
Let w(c) = -c**2 - 4*c - 1. Let y be w(-2). Suppose -4*m + 3*h = -m - 366, -4*m + y*h = -493. What is the tens digit of m?
2
Let w be (-1)/(-2)*((-6 - -5) + 1). What is the tens digit of (3 - w - 0)/(3/89)?
8
Let w(d) = d**3 - 6*d**2 - 7*d + 6. Let v be w(7). Let i be (3/(-1))/(v/(-4)). Suppose -2*f + 32 = i*f. What is the units digit of f?
8
Let x(q) = -6*q + 4. Let l be (1*-1)/((-10)/(-80)). Let p = l + 5. What is the units digit of x(p)?
2
What is the units digit of (299 - -6)/(-2 - -3)?
5
Suppose -24*c = -21*c + 30. Let n = 12 + c. What is the units digit of (-3)/n - (-406)/28?
3
Suppose 3496 = 16*l - 4040. What is the units digit of l?
1
Let l be 12/66 + -1 + 370/22. Let k(y) = y**3 - 17*y**2 + 18*y + 3. What is the tens digit of k(l)?
3
Suppose 31*i - 13128 = 19*i. What is the thousands digit of i?
1
Suppose 129 = 4*z + 5*x, 5*x - 93 = 3*z - 6*z. Let f = 52 - z. What is the tens digit of f?
1
Let w = 45 - 36. Suppose 2*v = w + 259. What is the tens digit of v?
3
Suppose a + 27 = 5*w, 0 = -4*w + w + 2*a + 19. Suppose 2*x + 607 = w*i, -6*i = -4*i - 5*x - 226. What is the units digit of i?
3
Let k(r) be the third derivative of r**6/120 - r**5/60 + r**4/24 - 47*r**3/6 + 6*r**2. Let p be k(0). Let m = -13 - p. What is the tens digit of m?
3
Let p = -955 - -2551. What is the tens digit of p?
9
Suppose 0*s + 37 = 4*s + f, 3*s = 2*f + 36. Let b(i) = 4*i + 9. What is the tens digit of b(s)?
4
Let g = 19 + -31. Suppose 5*q + 15 = 0, 4*h - 27 = 3*h + q. What is the units digit of (32/g)/(-4)*h?
6
Let g = -98 - -99. What is the units digit of 35/g + -1 - (-6)/6?
5
Let b = 20 - 14. Suppose b*p = p. Suppose p = t + 3*v + 6, -17 + 7 = -3*t - 2*v. What is the units digit of t?
6
Let o(h) = h**3 + 11*h**2 + 6*h - 9. Let r be o(-7). Suppose x = -3*b + r, 4*b = 12*x - 8*x - 596. What is the units digit of x?
8
Let k be (-1 - (0 - -3)) + 94. Suppose -3*c + 30 = -k. What is the units digit of c?
0
Suppose -2*h - 32 = -4*o + 2*h, -5*o + h + 24 = 0. Let t(q) = -4*q**3 + 3*q**2 + 8*q - 4. Let a be t(o). What is the units digit of a/(-16)*(-12)/(-9)?
5
Suppose -3 = -3*b, -3*h + 5*b = -1417 + 339. What is the tens digit of h?
6
Let o = -1880 - -2680. What is the tens digit of o?
0
Let l(d) = 17*d + 1. Suppose 2*i = 9*i - 56. What is the hundreds digit of l(i)?
1
Suppose 0 = -w - 4*n + 155, -2*w - 7*n + 266 = -10*n. What is the units digit of w?
9
Let y(h) = h**2 - 8*h + 41. Let x be y(13). Suppose 0 = -z - 2*k + x, -z + 70 = 3*k - 36. What is the units digit of z?
6
Let i be 4/(-8)*(-10)/1. Suppose 21 = 3*w + 3*b, 0*b + b - i = 0. Suppose -f - w = -2*j, -3*f - 4*j - j = -27. What is the units digit of f?
4
Let s(n) = 6*n + 73 - n + n**2 - 8 - 3*n. Let j be s(0). Suppose 4*u + j = 3*i, -4*u - 101 = -5*i - u. What is the tens digit of i?
1
Suppose 5*j = 21 - 1. Suppose -j*b + 371 = -a, -2*b - a + 181 = -0*a. What is the tens digit of b?
9
Let j(l) = -28*l + 23. Let h(u) = 41*u - 33. Let s(w) = 5*h(w) + 7*j(w). Let f = 10 + -4. What is the units digit of s(f)?
0
Let v = 3252 - 1890. What is the tens digit of v?
6
Let m(q) = -q + 2. Let f be m(-6). Let w = 13 + f. Let k = w - -23. What is the tens digit of k?
4
Let z = 13 - 11. Let q = 6 - 1. Suppose -q*v + 172 = -t, z*t + 3 = -1. What is the tens digit of v?
3
Let u = 27 - 50. Let g = u + 13. Let i = 17 - g. What is the tens digit of i?
2
Let z(j) = -j**3 + 4*j + 3. Let a be z(-2). Suppose -a*i + 154 = -2*g, -3*g - 25 = -2*i + 81. What is the units digit of i?
0
Let c(b) = 24*b - 12. Let m be c(7). Suppose 5*i + a - 390 = 5*a, -2*i + 5*a = -m. What is the tens digit of i?
7
Let h be 72 + 6*3/(-6). Let n = -26 + h. What is the units digit of n?
3
Let a(c) = -c + 15. Let b(q) = -q**3 - 7*q**2 - q + 4. Let v be b(-7). Let p be a(v). Suppose -p - 8 = -4*o. What is the units digit of o?
3
Let l = -7 + 8. Suppose l = -a - p, 5*a - 4*p + 0*p + 41 = 0. What is the tens digit of -30*((-12)/a)/(-3)?
2
Let b(n) = n**2 + n + 58. Let g be b(0). Let u = g - -45. What is the tens digit of u?
0
Let g(i) = -i**3 - 14*i**2 - 19*i - 25. What is the tens digit of g(-13)?
5
Let a = 22 + 35. Let o = a + -53. What is the units digit of o?
4
Suppose a - 2*m + 2474 = 6*a, 4*a = 4*m + 1968. What is the tens digit of a?
9
Let f(k) = 914*k**2 - 3*k + 3. What is the tens digit of f(1)?
1
Let l be (-700)/15 + (-2 - (-10)/6). Let n = l + 66. What is the units digit of n?
9
Let f(d) = -d**3 - 20*d**2 + 23*d + 46. Let g be f(-21). Let z(v) = -4*v**2 - 2 + 0*v**3 + 7 + 3*v + v**3. What is the tens digit of z(g)?
1
What is the tens digit of (-20 - -51)/((-2)/(-6))?
9
Let z(o) = 3*o + 34. Let h be z(-12). What is the tens digit of (-1 - h)*-1*-103?
0
Let j(t) = -t**2 - 1. Let o(b) = 11*b + 0*b**2 - 6 - b**2 - b**3 + 8*b**2 + 0*b**2. Let m(v) = -2*j(v) + o(v). What is the units digit of m(10)?
6
Suppose 15134 + 416 = 25*b. What is the tens digit of b?
2
Suppose w - 296 = -d, 0*w - 15 = -5*w. What is the units digit of d?
3
Let w(m) = -m**2 - 16*m + 2. Let k be w(-7). Let l be 1*2 - (6/(-2) - 1). What is the units digit of k/15 - (-4)/l?
5
Suppose -2*u = 4, v - 787 = -3*u - 55. What is the hundreds digit of v?
7
Let u(s) = -99*s + 270. What is the tens digit of u(-3)?
6
Suppose -c - 12 = -2*i + 23, 5*i = 5*c + 80. Let d = -56 + i. What is the units digit of 16/(-56) - d/7?
5
Let v be 15/(-2)*(-8)/12. Suppose -5*k = i - 384, -v*i = -k + 5*k - 303. What is the tens digit of k?
7
Let y(i) = -3*i - 11. Suppose 2*q = 5*q - 2*h + 26, -4*q = 4*h + 48. Let x be y(q). Let c = 41 - x. What is the tens digit of c?
2
What is the units digit of 588*-1*520/(-156)?
0
Suppose 4*r = 5*r. Let w(x) = x + 10. What is the tens digit of w(r)?
1
Suppose -4*q + 247 = -4*y - 41, 3*y = -4*q + 316. Let p = 275 - q. What is the hundreds digit of p?
1
Suppose -4*h = -y + 165, 4*h - 3*y - 32 = -191. What is the units digit of 4/14 + (-7926)/h?
9
Suppose 3*b - 222 = b. What is the units digit of b?
1
Let l(t) = 9*t + 48. Let w(m) = -5*m - 23. Let d(f) = 2*l(f) + 5*w(f). Suppose 3*s + 0*s - 28 = 5*h, -5*s = 4*h + 52. What is the tens digit of d(h)?
3
Suppose 0*i = 7*i - 133. Suppose i - 41 = -f. What is the tens digit of f?
2
Let n be -4 + (3 - -2) + 527. Suppose g - 1320 = -4*g - 4*o, -2*o = -2*g + n. What is the tens digit of g?
6
Suppose -19*v = 11*v - 18000. What is the hundreds digit of v?
6
Suppose -9 = -5*l + 2*l. Let c be (-8 - -1) + l/1. Let p(b) = -10*b + 5. What is the tens digit of p(c)?
4
Suppose o + o - 34 = 0. Let g(w) = w**2 + 7*w - 6. Let s be g(-8). Suppose -c + o - s = 0. What is the tens digit of c?
1
Let l(m) = 9*m + 9. Let v be l(-4). Let i(p) = 45*p**2 + p + 1. Let z be i(-1). Let y = z + v. What is the units digit of y?
8
Let u(x) = 49*x + 15. What is the tens digit of u(14)?
0
Let h = -24 - -16. Suppose 4*x + 5*g = 51 + 120, -3*g = -3*x + 108. Let v = x + h. What is the tens digit of v?
3
Suppose -4*j + 3 = 3*n - 0, -5*n = -5*j + 30. Let a(c) = c**3 + 3*c**2 + 1. Let y be a(n). What is the tens digit of ((-2)/(-4))/y*62?
3
Let j(h) = -14*h**3 - h. Let x be j(1). Let t(g) = -6*g - 3. What is the units digit of t(x)?
7
Let s = 2657 + -1175. What is the hundreds digit of s?
4
Suppose l + 412 = -5*j, -4*j + 0*l - 344 = -4*l. Let w = -52 - j. What is the tens digit of w?
3
Let c = -96 + 57. Let i = 40 + c. What is the units digit of i?
1
Let h = 3123 + -2151. What is the units digit of h?
2
Suppose 0 = 10*m - 21*m + 10274. What is the units digit of m?
4
Let w(y) = y**3 - 9*y**2 + 13*y + 7. Let v be w(7). What is the hundreds digit of (109 - (-3 + v)) + 0?
1
Let h be 192/5 - ((-18)/(-15))/3. What is the tens digit of h/(4 - 3) - 0/(-1)?
3
What is the units digit of (4 - 2)*30 - -5?
5
Let k(o) = -7*o**3 + 2*o**2 + 7*o - 29. Let v(w) = 4*w**3 - w**2 - 4*w + 15. Let d(s) = 3*k(s) + 5*v(s). What is the hundreds digit of d(-5)?
1
Let y = -249 + 1376. What is the thousands digit of y?
1
Let w(b) = 8*b**2 - 4*b + 34. What is the hundreds digit of w(12)?
1
Let a be (-3)/2 - (-4 + (-40)/(-16)). Suppose 606 = -a*h + 3*h. What is the units digit of h?
2
Suppose q - 186 = -5*z, -4*q - 4*z + 42 = -750. What is the tens digit of q?
0
Suppose -4*m = -5*g - 20, -g + 4*m + 4 = -2